389382 is divided by 985?
982
Calculate the remainder when 6083 is divided by 2920.
243
Calculate the remainder when 50227 is divided by 58.
57
Calculate the remainder when 298371 is divided by 257.
251
Calculate the remainder when 2379 is divided by 187.
135
Calculate the remainder when 36294 is divided by 907.
14
Calculate the remainder when 193963 is divided by 72.
67
What is the remainder when 15695 is divided by 78?
17
What is the remainder when 27180 is divided by 77?
76
What is the remainder when 420546 is divided by 531?
525
What is the remainder when 60647 is divided by 407?
4
What is the remainder when 479 is divided by 4?
3
Calculate the remainder when 472012 is divided by 4069.
8
Calculate the remainder when 1738462 is divided by 199.
197
What is the remainder when 149305 is divided by 471?
469
What is the remainder when 4318 is divided by 302?
90
What is the remainder when 3303 is divided by 235?
13
Calculate the remainder when 11542 is divided by 11488.
54
What is the remainder when 317788 is divided by 11?
9
Calculate the remainder when 1074049 is divided by 1713.
1711
Calculate the remainder when 17403 is divided by 134.
117
Calculate the remainder when 109002 is divided by 992.
874
What is the remainder when 10461 is divided by 951?
0
What is the remainder when 20731 is divided by 223?
215
What is the remainder when 53269 is divided by 272?
229
What is the remainder when 47470 is divided by 145?
55
What is the remainder when 1240461 is divided by 1803?
1800
What is the remainder when 1101621 is divided by 1576?
1573
Calculate the remainder when 28479 is divided by 16.
15
What is the remainder when 3283306 is divided by 378?
376
What is the remainder when 920 is divided by 186?
176
What is the remainder when 2926 is divided by 161?
28
Calculate the remainder when 900 is divided by 888.
12
What is the remainder when 43952 is divided by 198?
194
Calculate the remainder when 190210 is divided by 257.
30
What is the remainder when 76800 is divided by 13?
9
What is the remainder when 150114 is divided by 246?
54
Calculate the remainder when 8843 is divided by 32.
11
What is the remainder when 8249 is divided by 2031?
125
What is the remainder when 2221 is divided by 390?
271
What is the remainder when 3231 is divided by 41?
33
What is the remainder when 14729 is divided by 7322?
85
What is the remainder when 2166597 is divided by 20?
17
What is the remainder when 2229 is divided by 17?
2
Calculate the remainder when 1269 is divided by 956.
313
Calculate the remainder when 49837 is divided by 10.
7
Calculate the remainder when 8683077 is divided by 14.
11
Calculate the remainder when 26745 is divided by 50.
45
Calculate the remainder when 3423 is divided by 224.
63
What is the remainder when 515153 is divided by 180?
173
What is the remainder when 690847 is divided by 345421?
5
What is the remainder when 15541 is divided by 1942?
5
Calculate the remainder when 2533 is divided by 52.
37
Calculate the remainder when 9281 is divided by 369.
56
Calculate the remainder when 1332809 is divided by 19.
16
Calculate the remainder when 127755 is divided by 395.
170
Calculate the remainder when 22787 is divided by 6.
5
What is the remainder when 2015 is divided by 667?
14
What is the remainder when 58770 is divided by 14?
12
Calculate the remainder when 119192 is divided by 624.
8
What is the remainder when 20704 is divided by 2298?
22
What is the remainder when 1427 is divided by 1172?
255
Calculate the remainder when 238112 is divided by 119048.
16
Calculate the remainder when 11591 is divided by 11.
8
Calculate the remainder when 11608 is divided by 1604.
380
What is the remainder when 5281 is divided by 113?
83
What is the remainder when 77735 is divided by 836?
823
Calculate the remainder when 124934 is divided by 41642.
8
Calculate the remainder when 1258 is divided by 63.
61
Calculate the remainder when 1476 is divided by 622.
232
What is the remainder when 630690 is divided by 18?
6
What is the remainder when 84303 is divided by 2278?
17
Calculate the remainder when 471643 is divided by 9.
7
What is the remainder when 7422 is divided by 685?
572
What is the remainder when 550951 is divided by 13?
11
What is the remainder when 197908 is divided by 23?
16
What is the remainder when 3696 is divided by 1146?
258
What is the remainder when 25649 is divided by 221?
13
Calculate the remainder when 5700 is divided by 63.
30
What is the remainder when 14832 is divided by 15?
12
Calculate the remainder when 55414 is divided by 157.
150
What is the remainder when 132820 is divided by 317?
314
What is the remainder when 17457 is divided by 3471?
102
Calculate the remainder when 72456 is divided by 24152.
0
Calculate the remainder when 25580 is divided by 94.
12
Calculate the remainder when 3361 is divided by 478.
15
Calculate the remainder when 110412 is divided by 268.
264
Calculate the remainder when 4411 is divided by 1228.
727
Calculate the remainder when 48528 is divided by 24259.
10
What is the remainder when 54653 is divided by 85?
83
Calculate the remainder when 67371 is divided by 55.
51
Calculate the remainder when 9162 is divided by 30.
12
What is the remainder when 4435 is divided by 22?
13
What is the remainder when 13153 is divided by 1871?
56
Calculate the remainder when 472907 is divided by 1642.
11
What is the remainder when 64197 is divided by 36?
9
What is the remainder when 230798 is divided by 7?
1
Calculate the remainder when 6812556 is divided by 211.
210
Calculate the remainder when 2430 is divided by 1215.
0
What is the remainder when 147735 is divided by 36901?
131
Calculate the remainder when 564956 is divided by 2783.
7
Calculate the remainder when 2325 is divided by 19.
7
What is the remainder when 33939 is divided by 4237?
43
Calculate the remainder when 112638 is divided by 16.
14
Calculate the remainder when 296493 is divided by 21178.
1
What is the remainder when 11375 is divided by 28?
7
What is the remainder when 9773 is divided by 9734?
39
What is the remainder when 11722 is divided by 15?
7
Calculate the remainder when 42344 is divided by 121.
115
Calculate the remainder when 5449 is divided by 156.
145
What is the remainder when 458 is divided by 227?
4
What is the remainder when 20225 is divided by 107?
2
What is the remainder when 2266189 is divided by 46?
45
What is the remainder when 2347940 is divided by 1009?
1006
Calculate the remainder when 45409 is divided by 40.
9
What is the remainder when 1812 is divided by 283?
114
Calculate the remainder when 53145 is divided by 206.
203
Calculate the remainder when 218108 is divided by 43619.
13
What is the remainder when 16209 is divided by 14?
11
Calculate the remainder when 1411004 is divided by 863.
862
Calculate the remainder when 406568 is divided by 10.
8
What is the remainder when 42729 is divided by 5341?
1
Calculate the remainder when 19605 is divided by 15.
0
Calculate the remainder when 1042 is divided by 162.
70
What is the remainder when 2844 is divided by 879?
207
Calculate the remainder when 495716 is divided by 638.
628
What is the remainder when 1137 is divided by 365?
42
Calculate the remainder when 1648 is divided by 389.
92
Calculate the remainder when 960489 is divided by 278.
277
What is the remainder when 9239 is divided by 459?
59
Calculate the remainder when 7099 is divided by 91.
1
What is the remainder when 914 is divided by 235?
209
What is the remainder when 1622 is divided by 18?
2
Calculate the remainder when 858703 is divided by 902.
901
Calculate the remainder when 19065 is divided by 36.
21
What is the remainder when 460 is divided by 194?
72
Calculate the remainder when 12918 is divided by 59.
56
What is the remainder when 156069 is divided by 122?
31
What is the remainder when 2300 is divided by 2285?
15
Calculate the remainder when 963 is divided by 22.
17
What is the remainder when 1081507 is divided by 79?
76
Calculate the remainder when 8879 is divided by 1017.
743
What is the remainder when 3883 is divided by 847?
495
What is the remainder when 625 is divided by 429?
196
What is the remainder when 3837 is divided by 349?
347
What is the remainder when 91719 is divided by 88?
23
What is the remainder when 597759 is di